{"id":7,"date":"2020-11-28T15:35:34","date_gmt":"2020-11-28T14:35:34","guid":{"rendered":"http:\/\/pascal-carfantan.com\/?page_id=7"},"modified":"2023-03-16T23:01:44","modified_gmt":"2023-03-16T22:01:44","slug":"qui-suis-je","status":"publish","type":"page","link":"https:\/\/pascal-carfantan.com\/index.php\/qui-suis-je\/","title":{"rendered":"Qui je suis"},"content":{"rendered":"\n<h4><strong>Mon parcours<\/strong><\/h4>\n\n\n\n<p>Apr\u00e8s avoir exerc\u00e9 les m\u00e9tiers d\u2019enseignant, d\u2019agent de voyage, d\u2019organisateur d\u2019\u00e9v\u00e8nements, \u00e0 45 ans, j\u2019ai souhait\u00e9 me rapprocher de mes valeurs en me tournant vers les m\u00e9tiers d\u2019aide \u00e0 la\u00a0personne. Ce fut d\u2019abord la rencontre avec la sophrologie et l\u2019hypnose. Ces techniques sont devenues une \u00e9vidence pour moi. \u00a0Ce qui me pla\u00eet dans la sophrologie et l\u2019hypnose, ce sont la bri\u00e8vet\u00e9 de la th\u00e9rapie, l\u2019orientation vers la solution et l\u2019autonomie de la personne dans le respect de l\u2019individu et en toute bienveillance.\u00a0J\u2019en ai vu les bienfaits sur moi. Depuis que je pratique la sophrologie et l&#8217;hypnose, j\u2019ai arr\u00eat\u00e9\u00a0de fumer, je ne fais plus de cauchemars, j\u2019ai plus confiance en moi, je me sens plus fort, j\u2019ai appris \u00e0 me lib\u00e9rer du jugement des autres et \u00e0 m\u2019aimer tel que je suis. Je n\u2019ai plus de rhumes et d\u2019angines. La sophrologie et l\u2019hypnose ont \u00e9t\u00e9 de merveilleux outils de pr\u00e9vention sant\u00e9 pour moi. J\u2019en vois les bienfaits au quotidien aupr\u00e8s des personnes que j\u2019accompagne et qui retrouvent go\u00fbt \u00e0 la vie.<\/p>\n\n\n\n<h4><strong>Formations &amp; Dipl\u00f4mes<\/strong><\/h4>\n\n\n\n<h4><strong>La sophrologie<\/strong><\/h4>\n\n\n\n<p><strong>Dipl\u00f4me:&nbsp;Sophrologue certifi\u00e9 FEPS \u2013 Titre inscrit au RNCP<\/strong><\/p>\n\n\n\n<p>(FEPS: F\u00e9d\u00e9ration des Ecoles Professionnelles en Sophrologie)<\/p>\n\n\n\n<p>J\u2019ai \u00e9t\u00e9 form\u00e9 \u00e0 la&nbsp;sophrologie au CEAS, centre de formation en sophrologie \u00e0 Paris et membre de la FEPS, F\u00e9d\u00e9ration des Ecoles Professionnelles en Sophrologie.<\/p>\n\n\n\n<p><a href=\"http:\/\/www.sophrologie-ceas.org\/\">www.sophrologie-ceas.org<\/a><\/p>\n\n\n\n<p>Je suis&nbsp;<strong>membre du SSP, Syndicat des Sophrologues Professionnels.<\/strong><\/p>\n\n\n\n<p><a href=\"https:\/\/www.syndicat-sophrologues-professionnels.fr\/\">https:\/\/www.syndicat-sophrologues-professionnels.fr\/<\/a><\/p>\n\n\n\n<h4><strong>L\u2019hypnose<\/strong><\/h4>\n\n\n\n<p><strong>Dipl\u00f4me: \u00ab&nbsp;Praticien Certifi\u00e9 en Hypnose Ericksonienne&nbsp;\u00bb<\/strong><\/p>\n\n\n\n<p>J\u2019ai \u00e9t\u00e9 form\u00e9&nbsp;\u00e0 l\u2019hypnose ericksonienne \u00e0 l\u2019A.R.C.H.E., Acad\u00e9mie de Recherche et de Connaissance en Hypnose Ericksonienne, \u00e0 Paris par Kevin Finel.<\/p>\n\n\n\n<p>J&#8217;ai \u00e9t\u00e9 \u00e9galement form\u00e9 \u00e0 la RITMO, Retraitement de l\u2019Information Traumatique par les Mouvements Oculaires, \u00e0 l\u2019A.R.C.H.E. par Lili Ruggieri. La RITMO est proche de l\u2019EMDR.<\/p>\n\n\n\n<p><a href=\"http:\/\/www.arche-hypnose.com\/\">www.arche-hypnose.com<\/a><\/p>\n\n\n\n<p><strong>Code de d\u00e9ontologie<\/strong><\/p>\n\n\n\n<p>J\u2019adh\u00e8re \u00e0 la charte d\u2019\u00e9thique et de d\u00e9ontologie de la F.E.P.S<\/p>\n\n\n\n<p>J\u2019adh\u00e8re \u00e0 la charte d\u2019\u00e9thique et de d\u00e9ontologie de l\u2019A.R.C.H.E.<\/p>\n","protected":false},"excerpt":{"rendered":"<p>Mon parcours Apr\u00e8s avoir exerc\u00e9 les m\u00e9tiers d\u2019enseignant, d\u2019agent de voyage, d\u2019organisateur d\u2019\u00e9v\u00e8nements, \u00e0 45 ans, j\u2019ai souhait\u00e9 me rapprocher de mes valeurs en me tournant vers les m\u00e9tiers d\u2019aide \u00e0 la\u00a0personne. Ce fut d\u2019abord la rencontre avec la sophrologie et l\u2019hypnose. Ces techniques sont devenues une \u00e9vidence pour moi. \u00a0Ce qui me pla\u00eet dans [&hellip;]<\/p>\n","protected":false},"author":1,"featured_media":0,"parent":0,"menu_order":0,"comment_status":"closed","ping_status":"closed","template":"","meta":[],"_links":{"self":[{"href":"https:\/\/pascal-carfantan.com\/index.php\/wp-json\/wp\/v2\/pages\/7"}],"collection":[{"href":"https:\/\/pascal-carfantan.com\/index.php\/wp-json\/wp\/v2\/pages"}],"about":[{"href":"https:\/\/pascal-carfantan.com\/index.php\/wp-json\/wp\/v2\/types\/page"}],"author":[{"embeddable":true,"href":"https:\/\/pascal-carfantan.com\/index.php\/wp-json\/wp\/v2\/users\/1"}],"replies":[{"embeddable":true,"href":"https:\/\/pascal-carfantan.com\/index.php\/wp-json\/wp\/v2\/comments?post=7"}],"version-history":[{"count":16,"href":"https:\/\/pascal-carfantan.com\/index.php\/wp-json\/wp\/v2\/pages\/7\/revisions"}],"predecessor-version":[{"id":481,"href":"https:\/\/pascal-carfantan.com\/index.php\/wp-json\/wp\/v2\/pages\/7\/revisions\/481"}],"wp:attachment":[{"href":"https:\/\/pascal-carfantan.com\/index.php\/wp-json\/wp\/v2\/media?parent=7"}],"curies":[{"name":"wp","href":"https:\/\/api.w.org\/{rel}","templated":true}]}}